o**2 - 6. Let t be g(d). Let y(j) = -2*j. What is y(t)?
12
Let m(b) be the third derivative of b**6/120 + b**5/30 - b**4/8 + b**3/6 - 27*b**2. What is m(-3)?
1
Let t(k) = -8*k**2 + k + 1. Suppose 4*o - 10 - 10 = 0. Suppose 0 = o*l + 3*l + 8. What is t(l)?
-8
Let z(a) = a + 1. Let f = 19 - 13. Let s be 2 + -24 - (-12)/f. Let x = s + 19. Calculate z(x).
0
Let w(y) be the second derivative of -y**4/12 + 4*y**3/3 - 5*y**2/2 + 35*y - 1. Let q be (-2 - (-2 + -8))*1. Determine w(q).
-5
Let p(h) be the first derivative of h**3/3 - 5*h**2/2 + h - 233. What is p(2)?
-5
Suppose 5 = -3*u - 1. Let v(f) = 30*f + 24. Let z(h) = 2*h + 2. Let j(k) = -v(k) + 12*z(k). Calculate j(u).
12
Let q(h) = -8*h**3 - 3*h**2 - h + 1. Let f(b) = -b**2 - 12*b - 12. Let i be f(-11). Give q(i).
7
Let f(t) = -t**2 + t. Let c(x) = -x**2 + x**3 + 12*x**2 - 1 - 10*x - 2*x**3. Let i(d) = -c(d) - 5*f(d). Give i(5).
1
Suppose -5*h - 5 = -0, -4*y + 41 = 3*h. Let t(d) = -d + 11. Determine t(y).
0
Let w(i) = -3*i - 2. Let c be (0/66)/(-1 - 6/(-1)). Suppose 27 = m + 2*m - 3*a, m - 4*a - 21 = 0. Suppose 2*z = -2*b, -m*z - 5*b + b - 3 = c. Determine w(z).
7
Let k(z) = -2*z**3 + 3*z**2 + 4. Let s = 80 + -77. Determine k(s).
-23
Let w(t) = -9*t - 3. Let a(h) = -16*h - 5. Let j(l) = -4*a(l) + 7*w(l). What is j(9)?
8
Suppose 5*s - 3*s - 12 = 0. Let w be s/14 + 230/35. Let x(u) = -u + 2. Calculate x(w).
-5
Let h(o) = 4*o - 5. Let y(r) = 3*r - 2. Let w(k) = 2*h(k) - 4*y(k). Give w(5).
-22
Let z(j) = -14*j - 20 + 9 + 3*j - j**2. Calculate z(-10).
-1
Let z(n) = -5*n - 9. Let f be -1 + 6/10 - 608/80. What is z(f)?
31
Let h(d) = d**3 - 6*d**2 + 5*d. Let o(m) be the second derivative of -m**5/20 + m**4/2 - m**3 - 15*m. Let p(s) = -5*h(s) - 4*o(s). Give p(6).
-6
Let s(z) be the third derivative of -z**4/8 - z**3/2 + 2*z**2 - 27. Calculate s(2).
-9
Let l = -119 + 115. Let t(x) = -x - 2. Let f(d) = 2*d + 4. Let c(q) = q + 2. Let w(v) = -7*c(v) + 3*f(v). Let h(y) = 4*t(y) - 3*w(y). What is h(l)?
2
Let w be -3 - (44/(-6))/(4/6). Let q(n) = -4*n + 26. Determine q(w).
-6
Let s(h) = 10*h + 19 + 15 + 20 + 17 - 70. Let y = 16 + -24. Let v be 2/(-8) - 10/y. Determine s(v).
11
Let w(y) = -4*y + 8. Suppose -33*o = -38*o + 30. What is w(o)?
-16
Let o(y) be the third derivative of 0*y**3 - 12*y**2 - 1/24*y**4 + 0 + 0*y. What is o(4)?
-4
Let v(h) be the first derivative of h**4/4 + 8*h**3/3 + h**2/2 + 11*h + 3. Let n = 1356 + -1364. Give v(n).
3
Let q(w) = -2*w + 0*w + 2 + 0*w - 3*w. Let d(g) = -2*g - 80. Let s be d(-43). What is q(s)?
-28
Suppose -2*h - 9 = -5*p, 2*h + 5*p - 8*p + 11 = 0. Let m(n) = n**3 + 10*n**2 + 20*n - 14. Calculate m(h).
-7
Let q(t) = 5*t**3 - 4*t**2 - 4*t + 11. Let u(g) = 6*g**3 - 4*g**2 - 3*g + 12. Let v(j) = 5*q(j) - 4*u(j). Determine v(5).
-8
Suppose v + 1 = -n, 5 - 37 = 4*n - 3*v. Let q(x) be the second derivative of -x**3/3 + x**2 - 17*x. Give q(n).
12
Let x(c) be the third derivative of -c**5/20 - c**4/24 - c**3/3 + c**2. Let q = -173 - -257. Let u = 86 - q. Calculate x(u).
-16
Let j(n) be the second derivative of -n**8/6720 - n**7/630 + n**6/180 + n**5/30 + 7*n**4/4 + 8*n. Let w(o) be the third derivative of j(o). Calculate w(-5).
9
Let s(a) = -a. Let g(r) = -r**2 - 13*r + 1. Let y(x) = g(x) - 6*s(x). Let b(i) = -i**2 + 38*i + 74. Let p be b(40). What is y(p)?
7
Let k(p) = -27 + p**3 + 13 + 13 + 5*p + 0*p**3 + 6*p**2. Let y = 20 + -18. Let l be 70/(-10) + y + 0. Calculate k(l).
-1
Let c be 2 - (-18)/(-4) - 480/(-64). Let s(z) be the second derivative of 0 - c*z + 2*z**2 + 1/3*z**3. What is s(-5)?
-6
Let f(m) = -2*m + 14. Let k(p) = -2*p + 14. Let z(b) = -6*f(b) + 5*k(b). Determine z(0).
-14
Let p(t) be the second derivative of t**4/12 + 5*t**3/3 + 12*t**2 + 259*t. What is p(-8)?
8
Let j = -18 - -22. Let q(f) = 5*f**2 - 5 - 2*f - j - 4*f**2 + 9*f. What is q(-7)?
-9
Let o(w) be the second derivative of w**4/12 - 4*w**3/3 + 4*w**2 - 138*w + 1. Give o(8).
8
Let c be 32/10*35/2. Suppose -7*p = -c + 7. Let r(f) = -f + 12. Give r(p).
5
Let q(j) = 3*j + 7*j**3 - j**2 + 130 - 257 + 129 - 2*j**3 - 4*j. Calculate q(2).
36
Let v(f) be the third derivative of -f**6/60 - f**5/30 - f**4/24 + f**3/3 + 37*f**2. Calculate v(1).
-3
Let t(g) = -2*g + 3. Let a = -19 - -4. Let u be ((-19)/(-5) - 3)/((-2)/a). Give t(u).
-9
Let c(j) = 4*j + 15. Let x(d) be the first derivative of -d**2/2 - 4*d - 6. Let l(a) = -2*c(a) - 9*x(a). Let h = 8 - 13. What is l(h)?
1
Let y(r) = r**2 + 4*r + 1. Suppose -31 = -25*d + 44. Calculate y(d).
22
Let f(c) = -58*c - 225. Let u be f(-4). Let a(t) = t**2 - 8*t - 7. Give a(u).
-14
Let b(n) = 12*n - 4. Let w(g) = 4*g - 1. Let u(h) = 3*b(h) - 10*w(h). Suppose 3*a - 4 - 2 = 0. Give u(a).
-10
Let p be (5 + -3 - 3) + 196. Let f be 30/p - 22/(-26). Let r(w) = 4*w - 2. Determine r(f).
2
Let o = 0 - -4. Let i(k) = -2*k**3 - 4*k**2 - 4*k - 2. Let w(x) = -3*x**3 - 8*x**2 - 6*x - 4. Let l(d) = 5*i(d) - 3*w(d). Give l(o).
-6
Let i(r) be the second derivative of r**3/6 - 3*r**2 - 24*r. Let b be i(3). Let k(u) = -2*u - 3. Give k(b).
3
Let m(q) = q**3 - 3*q**2 + 2*q - 3. Let r(s) = s**2 + s**3 - 3*s - 2*s + 2*s**2 - 6*s**2 + 2. Let x be r(4). Let k be ((-8)/x)/((-8)/(-6)). Give m(k).
3
Let r = -42 + 32. Let l be (r/25)/(2/30). Let s(t) = t**3 + t**2 - 6*t**2 + 7*t - 2*t**3 + 1. Calculate s(l).
-5
Suppose -2*s + 50 = 15*o - 19*o, 3*s = 2*o + 59. Let a(q) = -2*q**2 + 34*q - 8. What is a(s)?
-8
Let d(a) be the second derivative of a**5/20 + a**4/2 + a**3/6 + a**2/2 + 72*a - 2. Give d(-4).
29
Let m(j) = -8*j**2 + j. Suppose 0 = -5*v + k - 18, -4*v + 2*k + k - 10 = 0. Let d be 45/30 + 2/v. Determine m(d).
-7
Let r = -98 - -96. Let f(c) = -6*c**3 - 29*c**2 - 16*c + 24. Let z(g) = -g**3 - 6*g**2 - 3*g + 5. Let x(u) = r*f(u) + 11*z(u). What is x(8)?
-1
Let t(z) = -4*z**3 + z**3 - 3*z**3 + 8*z**2 + 5*z**3 - 3. Suppose 32 = 5*u - u. Determine t(u).
-3
Let y(v) be the second derivative of v**6/360 + v**5/15 - v**4/12 + 11*v**3/3 + 2*v. Let d(a) be the second derivative of y(a). Give d(-6).
-14
Let z = 1605 - 1607. Let v(t) = -7*t - 2. What is v(z)?
12
Let w(y) = -y**3 - 19*y**2 + 22*y + 5. Let q be (6/4)/(81/(-1080)). Calculate w(q).
-35
Let j = 16 + -31. Let q = j - -9. Let l(s) = 882*s - 16 - 884*s + 8 + 0. Calculate l(q).
4
Let d(g) = -g**2 - 3*g + 6. Let m = -11 + 16. Let y(o) = -o**2 - 2*o + 6. Let k(z) = m*d(z) - 6*y(z). Give k(5).
4
Let x(c) be the second derivative of c**5/40 - c**4/24 + 8*c**3/3 - 11*c. Let m(p) be the second derivative of x(p). What is m(1)?
2
Let x(d) be the second derivative of -d**3/2 + 7*d**2/2 + 9*d. What is x(-7)?
28
Let l(v) = v**2 + 2*v + 1. Let z(r) = -r**3 + 7*r**2 - 5*r - 6. Let m be z(6). Let a be 2/4*m + -2. Give l(a).
1
Let f(z) = 5*z + 13. Let b be f(-7). Let h be 1 + (-13)/11 - (-40)/b. Let u(q) = 2*q. Give u(h).
-4
Let p = 16 + -12. Let o(t) = -8 + p*t - 5*t - 2. Suppose -5*c + 41 = -3*b, 5*b + 2*c = -3*c - 15. Determine o(b).
-3
Suppose -9*c + 42*c = 165. Let g(v) = -v - 4. Give g(c).
-9
Let j(w) be the first derivative of w**4/12 + 5*w**3/6 - 5*w**2/2 + 9*w - 12. Let x(v) be the first derivative of j(v). Give x(-5).
-5
Suppose 5*c - t + 76 = 0, -4*t + 1 = -c - 18. Let k(z) = -z**3 - 14*z**2 + 14*z - 16. What is k(c)?
-1
Let r(m) = -m - 9. Let a(n) = -2*n - 9. Let q(o) = 3*a(o) - 2*r(o). Let g(i) = -4*i - 9. Let u(f) = 5*g(f) - 6*q(f). Calculate u(-7).
-19
Let o(g) = 2*g**2 + 7*g + 26. Let m(b) = -3*b**2 - 11*b - 39. Let d(t) = -5*m(t) - 8*o(t). Let i = 4 - 4. Give d(i).
-13
Let y = 601 + -599. Let j(l) = l**3 - l**2 - 3*l + 2. Give j(y).
0
Let n(s) = 2*s**3 + 7*s**2 - 4*s - 7. Let l(k) = 3*k**3 + 13*k**2 - 7*k - 14. Let y(d) = 3*l(d) - 5*n(d). Determine y(3).
-1
Let w(d) be the first derivative of -2 - 5/2*d**2 + 2*d + 1/3*d**3. Suppose 3*k + 6 = 15. Calculate w(k).
-4
Let y = -27 - -16. Let z(r) = -r**3 - 13*r**2 - 21*r + 10. Let i be z(y). Let g(b) = -8*b**2 + b + 1. Determine g(i).
-8
Let m(l) be the first derivative of -l**3/3 - l**2/2 + 6*l - 4. Give m(0).
6
Let h(k) = -12*k**2 + k + 2. Suppose -10 = -39*t + 34*t. Give h(t).
-44
Let p(z) = z**2 + 3*z + 4. Let b = -555 + 548. What is p(b)?
32
Let h(c) = 25*c**2 - 1. Let y = 404 + -403. What is h(y)?
24
Let m be (-4 - -3)/((-1)/10). Let i(n) = 9*n - 1 + 3 - m*n. Calculate i(4).
-2
Let a(n) = -3*n + 3. S